3 composite?
False
Is 14134033 a composite number?
False
Is 45347396503 prime?
True
Is 2722712191 a composite number?
False
Is 4179395579 a prime number?
True
Is 172808137 a composite number?
False
Is 26553269021 a composite number?
False
Is 152110425619 prime?
False
Is 217134293 composite?
False
Is 2029652777 a prime number?
False
Is 7520043463 prime?
False
Is 19648828981 prime?
False
Is 439863532933 a prime number?
False
Is 563219051 composite?
False
Is 88224811321 a prime number?
True
Is 8858205397 a prime number?
True
Is 29809548577 composite?
False
Is 58770746269 prime?
True
Is 18149431061 a prime number?
True
Is 257082902 a composite number?
True
Is 10913483411 a composite number?
False
Is 9060821357 a prime number?
False
Is 12334037501 composite?
False
Is 6184930307 prime?
True
Is 111459248413 composite?
True
Is 29626214401 a composite number?
True
Is 4726701281 a prime number?
False
Is 2037526135 a composite number?
True
Is 12140052653 composite?
True
Is 579513733 a prime number?
True
Is 65476958111 composite?
False
Is 1005779527 a composite number?
False
Is 1003055033 a prime number?
False
Is 2389684641 prime?
False
Is 3012218441 prime?
True
Is 428061017 a prime number?
True
Is 21931337329 a composite number?
True
Is 93103959077 a composite number?
True
Is 5418713591 a composite number?
False
Is 3247508815 a composite number?
True
Is 267675803 a composite number?
True
Is 168216691 prime?
True
Is 6876896261 a composite number?
False
Is 145379734501 composite?
False
Is 571425863 a composite number?
False
Is 2137131641 composite?
True
Is 11982483047 prime?
False
Is 51120262667 composite?
True
Is 68113527793 prime?
False
Is 7495608005 a prime number?
False
Is 1193638063 prime?
True
Is 11399253847 a prime number?
True
Is 8528543267 composite?
True
Is 101561807 a prime number?
True
Is 380231899 prime?
True
Is 116121953 composite?
False
Is 93913705 prime?
False
Is 4722355169 composite?
True
Is 4052728631 a composite number?
True
Is 27548113 prime?
False
Is 14921239651 prime?
False
Is 97922387963 composite?
False
Is 6060573521 composite?
True
Is 1449742889 a composite number?
True
Is 338170591 a composite number?
True
Is 704405465 a composite number?
True
Is 9150307021 prime?
True
Is 31361802431 a prime number?
False
Is 33017100763 a composite number?
False
Is 23122361 a prime number?
True
Is 1688106361 a composite number?
True
Is 19961737571 composite?
True
Is 377040001 prime?
False
Is 2766886667 prime?
True
Is 252198679 composite?
True
Is 408520157 composite?
True
Is 1164916153 a prime number?
False
Is 1791535457 a prime number?
False
Is 55793900851 a prime number?
False
Is 1822930898 prime?
False
Is 14833662353 composite?
True
Is 5722652357 composite?
True
Is 508997483 prime?
False
Is 4253221067 a composite number?
False
Is 7316252869 composite?
True
Is 144519647 a prime number?
False
Is 23640364529 prime?
True
Is 86017537 composite?
True
Is 3695710351 composite?
False
Is 1120553089 a composite number?
True
Is 206858641 composite?
True
Is 2024873447 prime?
True
Is 687314543 a prime number?
False
Is 1142980603 composite?
True
Is 29101607779 prime?
True
Is 2539734311 composite?
False
Is 114383540927 composite?
True
Is 1019480309 a prime number?
False
Is 4810640123 prime?
False
Is 567436839 prime?
False
Is 152545417 prime?
False
Is 5098509331 composite?
False
Is 67709601005 composite?
True
Is 143400641 composite?
True
Is 8856604591 composite?
True
Is 8194689551 a composite number?
True
Is 1407154207 composite?
True
Is 55788358117 composite?
True
Is 1915834883 a composite number?
True
Is 6349886219 prime?
False
Is 795951137 prime?
True
Is 22429069511 a composite number?
True
Is 96056579266 a prime number?
False
Is 763581667 prime?
False
Is 446362793 prime?
True
Is 167119891 composite?
False
Is 432880727 composite?
True
Is 31624116283 a composite number?
False
Is 4508996893 prime?
True
Is 1858010501 a prime number?
False
Is 35556867611 prime?
False
Is 52362296621 a prime number?
True
Is 26801044573 a prime number?
False
Is 347476240369 composite?
True
Is 13354339081 a prime number?
True
Is 6609765039 a prime number?
False
Is 490379993 a composite number?
False
Is 668830277 a composite number?
True
Is 16371692707 a composite number?
False
Is 790772491 prime?
True
Is 13066759543 prime?
True
Is 56291681 composite?
True
Is 18157293289 a composite number?
False
Is 338168423861 a composite number?
False
Is 634923409 composite?
False
Is 831961883 a composite number?
True
Is 222942091 composite?
False
Is 333333499 prime?
False
Is 11937358579 prime?
True
Is 16355233819 prime?
False
Is 271411009 composite?
True
Is 2122322821 a composite number?
False
Is 1150879841 a prime number?
True
Is 28609124653 a prime number?
False
Is 8729390941 composite?
True
Is 11201328037 a composite number?
False
Is 847082806 composite?
True
Is 29844250283 prime?
False
Is 179382389 composite?
True
Is 204749351 a prime number?
True
Is 2605254679 a composite number?
False
Is 133602079253 a composite number?
False
Is 8782889513 composite?
False
Is 2125380415 a prime number?
False
Is 16265827931 a prime number?
True
Is 23976351649 composite?
False
Is 105402644317 a prime number?
True
Is 456871027 prime?
False
Is 763550430455 a prime number?
False
Is 7641716617 a prime number?
True
Is 2540883833 a composite number?
True
Is 8548823351 a composite number?
False
Is 80967726563 composite?
False
Is 727991581 a prime number?
True
Is 461333245067 prime?
True
Is 19476123733 a composite number?
True
Is 6193982065 a composite number?
True
Is 58811968541 composite?
True
Is 24207823793 a composite number?
True
Is 46236212153 a composite number?
False
Is 13934307887 composite?
False
Is 57658579 prime?
False
Is 3714121401 a composite number?
True
Is 370615683 prime?
False
Is 259615217 prime?
True
Is 762655483 a prime number?
True
Is 2687185463 composite?
False
Is 12423471023 a prime number?
True
Is 454751519 a prime number?
True
Is 1465272239 composite?
False
Is 132675069337 composite?
False
Is 913685449 prime?
False
Is 138190627 a composite number?
False
Is 31552342753 a composite number?
False
Is 3437265137 prime?
True
Is 15214552487 prime?
True
Is 3824122019 prime?
False
Is 36985327 composite?
False
Is 163000311641 a composite number?
False
Is 2865380237 a composite number?
True
Is 1247442403 prime?
False
Is 2245486597 a composite number?
False
Is 3199885618 composite?
True
Is 835855309 a composite number?
False
Is 1804848922 a prime number?
False
Is 78712057 a composite number?
True
Is 21788743 prime?
True
Is 1507820311 a prime number?
True
Is 11813807653 prime?
False
Is 1277146553 composite?
True
Is 456388447 prime?
True
Is 23481931183 a prime number?
False
Is 442712719 a prime number?
True
Is 1717988119 prime?
True
Is 57157007627 composite?
True
Is 3912265979 composite?
True
Is 686435347 a prime number?
False
Is 11821993234 prime?
False
Is 15386830889 composite?
False
Is 18774047 composite?
True
Is 257484539 composite?
True
Is 12044664881 prime?
False
Is 1754988919 prime?
False
Is 9031163051 prime?
False
Is 109007726963 composite?
True
Is 3752679907 prime?
False
Is 3802031777 a composite number?
False
Is 959569909 prime?
True
Is 800098457 a composite number?
False
Is 122836821707 a composite number?
True
Is 33148481669 composite?
False
Is 257930269 a prime number?
False
Is 360505853 composite?
False
Is 740880001 a composite number?
True
Is 642222871 a prime number?
False
Is 27396862649 prime?
False
Is 6835721089 prime?
True
Is 576429989 a composite number?
True
Is 1957272249 prime?
False
Is 146853134581 prime?
True
Is 10728741811 a composite number?
False
Is 55971388637 a composite number?
False
Is 2311680479 prime?
False
Is 6639504349 prime?
True
Is 489626591 prime?
False
Is 685312933 composite?
False
Is 1216462891 a prime number?
False
Is 1352502367 a composite number?
False
Is 33205000471 a prime number?
False
Is 119465102 composite?
True
Is 402373752223 a prime number?
True
Is 7246876379 a composite number?
True
Is 30218232106 a composite number?
True
Is 1532117831 a composite number?
False
Is 2060054599 composite?
True
Is 149782777 composite?
False
Is 296586767 a composite number?
True
Is 36705397061 a composite number?
False
Is 1251767999 prime?
False
Is 5336645459 composite?
Fa